 Calculate the highest common factor of v and 54.
6
Let p = 4 - 8. Let l be ((-6)/p)/(9/12). Calculate the highest common factor of 12 and l.
2
Let j = 1 - -4. Suppose -j*t + 371 = 4*c, 3*t - 69 - 154 = -2*c. Calculate the highest common divisor of t and 30.
15
Let x(d) = 8*d**2 + 2*d + 1. Let v be x(-4). Suppose u - 6*u = 3*b - 23, -b + u + 13 = 0. Calculate the greatest common divisor of b and v.
11
Let d be (0 - (-40)/(-6))*-6. Suppose 0*y + 14 = 2*y + n, -y + 2*n + 12 = 0. Let p(f) = 14*f - 12. Let s be p(y). What is the greatest common factor of s and d?
20
Let d(f) = -f**2 + 6*f - 6. Let u be d(6). Let k be (4 - 44/6)*u. Suppose -5*j = -183 + 33. Calculate the greatest common factor of k and j.
10
Suppose 142 + 594 = 4*z. What is the greatest common divisor of 23 and z?
23
Suppose -16*n = -14*n - 306. Calculate the greatest common divisor of n and 17.
17
Let f = 624 - 441. Let c = -79 + f. Let r(h) = -h**2 - 9*h + 5. Let b be r(-8). Calculate the greatest common divisor of b and c.
13
Suppose -p - 146 = -2*t + p, -5*p - 57 = -t. Let d = 4 - 0. Suppose c - d*q = 19, 0 = -c - c - 3*q + 16. What is the highest common factor of t and c?
11
Let y(c) = 30*c**2. Let p be y(1). What is the greatest common divisor of 20 and p?
10
Let x(p) = -p. Let o be x(0). Let w be (-86)/(-2) + (o - -1). What is the greatest common factor of 4 and w?
4
Suppose -10 = -3*d + 41. What is the highest common factor of 51 and d?
17
Suppose 4*n - 3 = 2*t + t, 2*n = 2*t. Let h be (3/(-2))/(n/(-306)). Calculate the greatest common divisor of 17 and h.
17
Let h be (-3 + 0)/((-1)/1). Suppose 0 = 4*a + h - 15. What is the greatest common divisor of a and 2?
1
Let x be -22*(3/2 + -2). Let q be 1*(-1)/(1/(-4)). Suppose 104 = n - r, -58 - 353 = -q*n + 3*r. Calculate the greatest common factor of n and x.
11
Let f be (3/1 + -4)*-27. Calculate the greatest common divisor of 18 and f.
9
Suppose 0 = 3*m + 1 - 34. Suppose v + v - 8 = 0. Suppose -v*a + 5*p + m = 0, -7*p + 3*p = -20. Calculate the highest common factor of 9 and a.
9
Let w(i) = -3*i - 6. Let d be w(-6). Suppose 0 = 4*h - 272 - 112. Calculate the highest common divisor of d and h.
12
Let g(o) = o + 9. Let d be g(-6). Suppose d*z = 5*z - 160. Calculate the greatest common divisor of z and 10.
10
Suppose -4*a + 2*n + 106 = 0, -3*a + 2*n + 68 + 11 = 0. Calculate the greatest common divisor of a and 9.
9
Let y be (-1 - (-2)/(-4))*240/(-36). What is the highest common factor of y and 60?
10
Suppose -7*j + 12*j - 30 = 0. Suppose -7*g + 3*g = -2*p + 30, -5*p + 3*g + 54 = 0. Calculate the greatest common factor of p and j.
3
Suppose 9*n = 229 + 14. What is the greatest common factor of 3 and n?
3
Suppose -g + 0*g = -3*m - 10, 0 = -4*m + 2*g - 16. Let x be 16 - m/(-4 + 3). What is the greatest common factor of x and 56?
14
Suppose -75 = -4*a - o, -a - 35 = -3*a - o. Calculate the highest common divisor of a and 70.
10
Let d = -24 - -44. What is the greatest common factor of 160 and d?
20
Suppose -w = 0, 3*g - 45 = -2*g - 3*w. Calculate the highest common factor of 153 and g.
9
Let z = 14 + 18. Let x = 529 - 273. What is the highest common factor of x and z?
32
Let s = 77 + -64. What is the highest common divisor of s and 169?
13
Let s = 9 - -21. Calculate the greatest common divisor of 240 and s.
30
Let z = -1 + 118. What is the greatest common divisor of z and 13?
13
Suppose -6*h - 5*h = -77. What is the highest common divisor of h and 77?
7
Suppose o = -3*z + 21, 5*z - 35 = -3*o + 24. Calculate the highest common factor of 6 and o.
6
Suppose -l + 0 = -1. Let r = 11 - l. Let o be 18 - (-1 + (1 - 2)). What is the greatest common divisor of r and o?
10
Suppose -6*f + f = -3*h + 206, 0 = -3*h - 3*f + 222. Calculate the highest common divisor of 180 and h.
36
Let m(d) = -d**3 + 3*d**2 + d + 1. Let c be m(4). Let t(f) = -8*f - 4. Let p be t(c). Calculate the highest common divisor of 12 and p.
12
Suppose -3*y + 142 = 2*w - 4*w, -128 = -3*y - 5*w. Let z = 28 - 12. Suppose y - z = 3*m. What is the highest common divisor of m and 10?
10
Let m = 63 + -47. Suppose 4*f - 68 = -2*n, -4*f - 95 = -5*n + 117. What is the greatest common divisor of n and m?
8
Let q(f) = f**2 - 2*f + 2. Let o be q(2). Let n(x) = x + 6. Let l be n(-11). Let g = o - l. Calculate the highest common factor of 7 and g.
7
Let b(c) = 3 - 5 + 2 + 4*c**2. Let z be b(-1). Let o be -3*(-3)/(9/32). What is the highest common factor of z and o?
4
Suppose 3*m = 3*j + 27, 5*m - 32 = 2*m + 4*j. Let b = m + 2. What is the greatest common factor of 30 and b?
6
Suppose 0*b = 5*b + 120. Let w = -13 - b. Calculate the greatest common factor of w and 88.
11
Suppose 62 + 58 = 4*z. Suppose -3*y + 120 = -3*q, -7*y + 2*q + 215 = -2*y. Calculate the greatest common divisor of y and z.
15
Let o = 12 + -10. Suppose -o*s = 4*s - 810. Calculate the greatest common divisor of s and 27.
27
Let j(s) = -s**3 + 20*s**2 + 22*s - 12. Let t be j(21). Let r = -1 + -39. Let v = r - -67. Calculate the highest common divisor of v and t.
9
Let h be ((-9)/(-12))/((-2)/96). Suppose 4*w - 220 = 5*j, -2*j = w - 3*w + 108. Let y = w + h. What is the greatest common divisor of y and 126?
14
Let i(x) = -x**2 + 10*x - 2. Let p be i(9). Let g be 2/p + 1216/7. Let a = 293 - g. What is the highest common divisor of a and 17?
17
Let f be ((-10)/6)/((-3)/9). Suppose 4*k - f*z - 25 = 103, -k + 5*z + 32 = 0. Calculate the highest common divisor of k and 8.
8
Let w = 2 + 1. Let r be 2/(-4) - 251/(-2). Suppose -3*n + 549 = w*t, 3*n - t - 690 = -r. What is the greatest common factor of n and 17?
17
Suppose 4*p + 60 = 10*p. What is the highest common divisor of 40 and p?
10
Let u = -12 + 22. Calculate the greatest common factor of u and 60.
10
Suppose 5*a = -0*a + 2*b + 871, -2*a - 4*b + 358 = 0. Calculate the highest common factor of 7 and a.
7
Suppose 0 = -3*j + 29 + 13. Let a(q) = -q**3 + 23*q**2 - 39*q + 7. Let p be a(21). What is the greatest common factor of p and j?
14
Let v = -7 + 10. Suppose -5*k = 3*y + y - 132, v*y - 5*k = 99. What is the highest common factor of 11 and y?
11
Suppose 3*x - 424 = 7*x. Let g = -31 - x. Suppose 0 = -2*n + 33 - 3. Calculate the greatest common factor of g and n.
15
Let n be 7/(-21) - 716/(-6). Calculate the greatest common divisor of 17 and n.
17
Let h be ((-3)/2)/((-4)/8). Suppose 2*j + 3*u = 7*j - 47, 0 = -5*j - h*u + 53. Let y be (30/(-4))/(1/(-12)). What is the highest common divisor of y and j?
10
Let i = 63 - 21. What is the greatest common factor of 294 and i?
42
Let i = 20 - 11. What is the highest common divisor of i and 27?
9
Let p(y) = -y - 2. Let m be p(-4). Suppose 0 = -5*q - 9 + 89. Calculate the highest common divisor of m and q.
2
Let c = 4 - -17. Let b(s) = 4*s**3 + 5*s**2 + 6*s + 3. Let u be b(-5). Let w = -234 - u. What is the highest common factor of c and w?
21
Suppose -3*t + 720 = -0*t. Calculate the highest common divisor of 30 and t.
30
Let l = 2 + -1. Suppose h - 10 = l. Calculate the highest common factor of h and 22.
11
Suppose a + 0*a = 14. Suppose -3*q = 43 + a. Let r = -6 - q. Calculate the highest common factor of 26 and r.
13
Let g be (4/8)/((-3)/(-138)). Let r = -21 + g. What is the greatest common factor of 16 and r?
2
Suppose -42 + 12 = -5*q. What is the greatest common divisor of 12 and q?
6
Suppose 23 = z - 7. Let d = -10 + 16. Let w be (-15)/(0 + (-9)/d). Calculate the greatest common divisor of w and z.
10
Suppose -35 = -3*g - 2*g. Let a(w) = -w**2 + 7*w. Let f be a(g). Let u = f - -9. Calculate the greatest common divisor of u and 9.
9
Let m be (25/(-20))/((-1)/4). Suppose 2*t + 18 = 4*f - 6, -3*f = m*t - 44. What is the greatest common factor of 8 and f?
8
Let s be 15/(-6)*(-5 - -3). Suppose 69 = m + 6*h - 3*h, -s*m = 3*h - 321. What is the greatest common divisor of 9 and m?
9
Let r(u) = 49*u + 7. Let y be r(3). What is the greatest common divisor of 14 and y?
14
Let k = -79 + 111. Suppose 50 + 658 = -3*c. Let i be 6/45 - c/30. Calculate the greatest common divisor of i and k.
8
Let c = 63 + -8. Suppose -5 = 3*t - n, 0*t - 3*t = 5*n - 7. Let x be (-3)/(-3*t/(-22)). Calculate the highest common divisor of c and x.
11
Suppose -3*o + 40 + 473 = 0. Suppose 2*y + 20 = -5*k + 8, 0 = -5*y - 5*k - 30. Let j be ((-2)/(-3))/(y/(-171)). Calcula